*o(g) - 6*z(g). Give f(v).
1
Let r(i) = 10*i + 4. Let t(m) = 9*m + 5. Let u(o) = 6*r(o) - 7*t(o). Suppose -4*y + 18 = -7*y. Calculate u(y).
7
Let y(u) = -12*u + 5. Let m(h) = -6*h + 2. Let v be (20/70)/((-1)/(-14)). Let c be (-2 + 36/v)*-1. Let l(b) = c*m(b) + 3*y(b). Determine l(-1).
-5
Let z(a) = 7 - 17 - a - a + 11. Let k be z(5). Let t(r) = r**2 - r. Let y(x) = -6*x**2 - x + 12. Let b(u) = -5*t(u) - y(u). What is b(k)?
15
Let r(d) = -d**2 - 8*d + 14. Let a = 185 - 336. Let k = a - -179. Suppose 78 = -5*y + k. What is r(y)?
-6
Suppose 16*p - 14*p = 4. Let g(l) = -10 - 6*l + 5 - 4*l**2 + 0*l**p + 3*l**2. Suppose -4*z - 4*o = 16, -4*z + o + o = 22. Determine g(z).
0
Let f(q) = -2 + 4*q - 8*q + 3 + 2*q. Let c be 0 - (-4 - -2) - (-21)/(-3). Give f(c).
11
Let d(q) = -30. Let o(s) = s + 28. Let v(i) = d(i) + o(i). Calculate v(6).
4
Let x(o) = -3*o - 2. Let b = -418 + 409. Let y be (-414)/230*-5*6/b. Determine x(y).
16
Let r(b) = -439*b + 2197. Let m be r(5). Let d(i) be the third derivative of 1/60*i**5 + 0*i**4 + 20*i**m + 0 + 0*i + 5/6*i**3. Give d(0).
5
Let b(f) be the first derivative of -13 + 0*f + f**2 + 1/2*f**4 - 4/3*f**3. Suppose -8 = -19*k + 15*k. Calculate b(k).
4
Let h(y) = -20*y + 5*y - 25 - 88 + 0 - 8*y. Let n be h(-5). Let t(j) = 9*j - 8. Determine t(n).
10
Let t(y) be the second derivative of y**5/20 - 2*y**3/3 + 2*y**2 + 3*y + 8. What is t(-4)?
-44
Suppose 2*z + 29 = 4*u + 7, -5*u - 3*z = 0. Let l(p) be the second derivative of 8*p + 0 + 1/6*p**u + 1/2*p**2. Calculate l(-2).
-1
Let o(v) = -v**2 + 11*v - 10. Let i(f) = f - 1. Let h(r) = 5*i(r) - o(r). Let w be 6 + (5 + 0)/(-5). Determine h(w).
0
Suppose -5*g - 1127 - 198 = 0. Let j = g + 270. Let p(b) = b - 1. What is p(j)?
4
Let c be 80/(-660)*11*-21. Let o(g) = g**3 - 29*g**2 + 32*g - 60. Give o(c).
52
Let f(x) = 3 + 4 + 6 + x + 2. Suppose -25*u - 18*u = 12*u + 880. Determine f(u).
-1
Let r = 186 - 161. Suppose -2*b = -3*i - r, -2*b + 8 = i + 3. Let j(m) = 6*m**2 + 4*m + m**3 - 3*m + 5*m. Give j(i).
-5
Suppose 2*i + 2 = 0, 65 - 80 = -z - 4*i. Suppose 17*f - 2 = -z. Let h(j) = 15*j + 12. Let s(t) = -1. Let n(w) = h(w) + 12*s(w). Give n(f).
-15
Let o(z) = -7 + 0*z + 6 + 19*z**2 + 3 - 20*z**2 + z. Let y(t) = 13 - t - 3*t + 2*t**2 - 10. Let i be y(2). Determine o(i).
-4
Let r(l) = l**2 + 6*l - 10. Let b(o) = o**3 - o**2 - 21*o - 2. Let x(v) = -2*v**2 - 9*v + 16. Let m be x(-8). Let z = m + 45. Let j be b(z). Determine r(j).
-3
Let k(r) = -r**3 - r**2 + 1. Suppose -103 - 169 = -8*u. Suppose -u*p + 50 = -52. Give k(p).
-35
Let j(p) be the third derivative of p**5/10 - p**4/24 + p**3/6 - 704*p**2. Determine j(2).
23
Let d(n) = n**2 + 6*n - 1. Let c be d(-7). Let w(z) = 2079 + 50*z - 2092 + 2*z**2 - 58*z. Give w(c).
11
Let a(k) = -14*k + 589. Let f be a(41). Let s(q) = -11*q + 155. Give s(f).
-10
Let s(q) = 3868 - 172*q + 163*q - 2*q**2 - 3854. Calculate s(-5).
9
Let t(d) = 46*d + 461. Suppose 0 = -515*z + 323*z - 1920. What is t(z)?
1
Suppose x = 4 - 3. Let y(a) = -3*a + 21. Let z(o) = -2*o + 13. Let m(f) = -5*y(f) + 8*z(f). Give m(x).
-2
Let w(c) = 97*c - 1841. Let g be w(19). Let z(v) be the first derivative of 10 + 3*v**g - 8*v + 1/3*v**3. Calculate z(-7).
-1
Suppose -949*q + 1916*q = 944*q. Let w(i) = i**3 - 7*i + 6. Give w(q).
6
Let d(a) = -5*a - 2*a**2 + a**2 + 88 - 77 - 2*a. Determine d(-7).
11
Let a(o) be the third derivative of -o**6/120 + 3*o**5/20 - o**4/24 + 13*o**3/6 + 225*o**2. What is a(9)?
4
Let n = -91 - -94. Let k(x) = 32488 + n*x**2 - 32488. Suppose 4*l + 2 = -0*w - 2*w, 0 = -4*w - 4*l. What is k(w)?
3
Let v(u) = 32 + 4*u**3 + 5*u**2 - 6*u**2 - 3*u**3 - 21. Suppose d - 4*d = -0*d. Suppose 4*y + d*y = -0*y. Determine v(y).
11
Suppose 3*b + 3*d = -3, 0 = 21*b - 25*b + d - 4. Let t(i) = 32*i**3. Calculate t(b).
-32
Let k(a) = -174*a - 865. Let g(y) = 95*y + 434. Let i(o) = 5*g(o) + 3*k(o). Give i(-9).
-2
Let x(o) = o + 2. Let v(f) = 4*f + 8. Let c be (-80)/(-45) + 6/27. Let s(m) = c*v(m) - 9*x(m). What is s(-7)?
5
Let s(z) = -z + 6. Suppose -14*b + 170 + 754 = 0. Suppose -64*y = -b*y + 8. What is s(y)?
2
Let d be (-3)/(30/12 + -4). Let i(k) = -k + d + 899*k**2 - 901*k**2 - k. Give i(-3).
-10
Let y(q) = 174*q**2 - 14 - 176*q**2 + 2*q + 0*q - 10*q. What is y(-6)?
-38
Suppose 12*p + 5*f = 15*p - 3, -p + 1 = -3*f. Let m(b) = 3*b**2 - 4*b + 3. Let j(a) = 4*a**2 - 5*a + 4. Let c(u) = 4*j(u) - 5*m(u). Determine c(p).
2
Let y(n) = 2*n**2 - 8*n + 7. Let z be y(-7). Let t(i) = -165 - z + 329 + 3*i - i. Give t(5).
13
Let m(h) be the second derivative of h**3/2 - 7*h**2/2 + h. Let o be (-8)/24 + (-2595)/(-9). Let w = o - 281. Calculate m(w).
14
Let n(h) = 28*h**2 - 11*h - 9. Let z(q) = 6*q**2 + 2*q - 1. Let s(c) = n(c) - 5*z(c). What is s(-9)?
23
Let s(p) = 186*p**3 + 187*p**3 + 11*p**2 - 5 - 372*p**3 + 13*p. What is s(-10)?
-35
Let i(f) = f**3 + 10*f**2 - 8*f + 200. Let a be i(-12). Let b(q) be the first derivative of -4*q**2 + 0*q - a - 1/3*q**3. Give b(-9).
-9
Let f(r) be the third derivative of 0*r + 3/10*r**5 - 43 + 1/6*r**3 - 1/24*r**4 + 2*r**2. Determine f(1).
18
Let a(f) = -5*f**2 - 8*f + 80. Let t(v) = 14*v**2 + 26*v - 240. Let d(o) = -11*a(o) - 4*t(o). Let u be d(-20). Let b(i) = -i + 7. What is b(u)?
7
Let n(j) be the first derivative of -j**3/3 + 11*j**2/2 + 37*j - 58. Determine n(16).
-43
Let p be (4 - 7)/((26/39)/((-4)/9)). Let n(i) be the first derivative of 11 - 1/3*i**3 - 2*i**p - 4*i. Calculate n(-5).
-9
Let k(g) = g**2 - 5*g + 1. Suppose -4*j + 2*j = -64. Let u = 234 + -197. Let o = u - j. Give k(o).
1
Let d be 2/(-10) + -1*(-15897)/35. Suppose 0 = -30*y - 94 + d. Let n(u) = u**2 - 12*u - 3. What is n(y)?
-3
Suppose 0 = -v + x + 5, -4*v + 16 = -0*v - 3*x. Suppose -7*t + 45 = -2*t - 2*c, -5*c - 4 = 3*t. Let d(z) = -z - 5 + 4 + 2 + t*z. Give d(v).
7
Let f(y) = 102*y - y**3 - 6 + 4 - 2 - 3*y**2 - 97*y + 1. Determine f(-5).
22
Let r be (-798 - -796)/(2/5). Let o(a) = -2*a**2 - 2*a + 5. Determine o(r).
-35
Let v = -132 + 151. Let t(y) = y - 14. Let h be t(v). Let k(r) = -r**2 + 6*r. Calculate k(h).
5
Let z be ((-300)/(-40))/(15/(-50)). Let p(d) = d**3 + 23*d**2 - 48*d - 22. Calculate p(z).
-72
Let m(j) be the first derivative of 7*j**2/2 - 29*j + 7. Let i be m(9). Suppose -12*t - 38 = i. Let u(f) = -f**3 - 6*f**2 - 2*f + 4. Calculate u(t).
16
Let f(l) be the third derivative of l**6/120 + l**5/10 + l**4/6 + 7*l**3/6 + 24*l**2. Let i(y) = y**3 + 14*y**2 + 33*y - 6. Let z be i(-11). What is f(z)?
-17
Let h = -31 + 1. Let f = -25 - h. Let k(t) = t**3 + f*t**2 + 2*t - 6*t**3 + 6*t**3 + 6. Calculate k(-5).
-4
Let z(x) = 4*x**3 - 3*x**2 - x - 5. Let t(s) = -3*s**3 + 2*s**2 + 4. Let v(l) = -5*t(l) - 4*z(l). Let d = -7450 + 7453. What is v(d)?
3
Let l(h) = 13*h + 13. Let b = 269 + -270. Let c be l(b). Let q(k) = -k**3 - k**2 + k - 1. What is q(c)?
-1
Let o(y) be the third derivative of -y**5/60 - y**4/4 + y**2. Let b be ((-3842)/(-85))/(1/15*3). Let l = 221 - b. Give o(l).
5
Let g(p) = -p**2 - 15*p - 34. Let r be g(-12). Let x(a) = -9*a - 227*a**2 + r - 1 + 228*a**2. Calculate x(7).
-13
Let a = -204 - 11. Let r = a + 221. Let n(m) = -2*m + 6. Calculate n(r).
-6
Let j(h) = -14*h**3 - 2*h**2 + 9*h + 2. Let r = 854 + -850. Let k(g) = 17*g**3 + 2*g**2 - 11*g - 3. Let n(x) = r*k(x) + 5*j(x). What is n(-2)?
4
Suppose -4 = -n - l + 4, n - 2*l - 11 = 0. Suppose 6*m - 4*g = 5*m - 17, 3*m + n = -2*g. Let i(v) = v**3 + 6*v**2 + 5*v. Calculate i(m).
0
Let p(w) = w**2 + 12*w - 19. Let a(o) = o - 1. Let l(v) = 3*a(v) - p(v). Suppose 38*d + 189 = -191. Calculate l(d).
6
Let g(j) = -j**3 + 4*j**2 - 4. Suppose -5*k - 2*r = 28 + 106, 48 = -2*k + 2*r. Let a = k - -31. Suppose 0 = -a*o + o + 12. Determine g(o).
5
Let f(p) = p**2 - 68*p + 437. Let n be f(61). Let u(h) = 8*h**2 - 19*h + 5. Let w(s) = 7*s**2 - 18*s + 5. Let x(c) = 6*u(c) - 7*w(c). Give x(n).
15
Let d(z) = -z**2 + 4*z + 23. Let x be d(7). Let b = 14 + -10. Let n(s) = 5 - b*s + 3*s**2 - 6 + 4 - s**3. What is n(x)?
-1
Let k(q) = -2*q**2 - 5*q + 3. Let v(z) = 3*z**2 + 3*z + 9. Let c be v(-6). Let j = 91 - c. Let g be (6 - (-79)/j) + (-2)/16. Calculate k(g).
-9
Suppose -13*i + 2*i - 1207 = -1251. Let m(v) = -6*v - 16. Determine m(i).
-40
Let z(x) = -x**2 + 4*x - 7. Let t(f) = -13*f + 25. Let j be t(2). Let q be 0 - (-2 + -4) - j. D